a(4). Calculate the highest common factor of s and 10944.
16
Suppose -13*l + 4290 = 2*l. Let b(z) = 2*z**2 - 3*z + 2. Let s be b(4). What is the greatest common divisor of s and l?
22
Let z = 35960 + -35352. Let f = 0 - -16. What is the greatest common factor of f and z?
16
Suppose 0 = f - 2*h - 6152, -3428*f - 4*h - 24588 = -3432*f. Calculate the highest common divisor of 111 and f.
37
Suppose -2*h - 6*w = -w + 15, 2*w = -6. Suppose h = 14*s - 436 + 156. Calculate the greatest common factor of s and 12.
4
Let s(x) = 5*x + 60. Let g = -68 + 54. Let r be s(g). Let w be (1 - 4) + 3 - r. What is the highest common factor of w and 4?
2
Let s(l) = -16*l + 800. Let n be s(56). Let p = -50 + 179. Let a = n + p. What is the highest common factor of a and 22?
11
Let g(i) = -3*i**3 + 32*i**2 + 24*i - 27. Let h be g(11). Let f(u) = 3*u + 58. Let x be f(0). What is the highest common factor of h and x?
58
Suppose 17*n + 34 = -51. Let w be 20/n + 6 - -17. What is the highest common divisor of 703 and w?
19
Suppose 3*z - 7*z + 12 = 0. Let i(u) = 6*u - 101. Let g be i(23). Let h = z + g. What is the highest common factor of h and 16?
8
Let t(b) = -15*b - 7. Let i be t(-5). Let l = 108 - -33. Suppose i = -4*p - 5*r + 258, -3*r = 3*p - l. What is the greatest common divisor of p and 5?
5
Suppose -q - 467 = -3*b - 11644, 3*q + 4*b = 33557. What is the highest common divisor of 211 and q?
211
Let k be 30500/950 + (-2 - 108/(-57)). Calculate the greatest common factor of k and 544.
32
Let c = 3783 - 3732. Calculate the highest common factor of c and 24.
3
Let k be 10/(-1)*-10*3/12. Suppose -18*c + 2*c + 160 = 0. Calculate the greatest common divisor of k and c.
5
Suppose -3 = -3*y + 9. Suppose 0 = -y*n + 5*m + 179, 173 = 4*n - 0*n - 3*m. Suppose -1722 = -11*v - 31*v. What is the greatest common divisor of v and n?
41
Let x(o) = -455*o + 1186. Let q be x(2). Calculate the highest common factor of q and 1725.
69
Let w(r) = 9*r**2 + 18*r + 5. Let v(i) = i**2 - 4*i + 1. Let g(z) = -4*v(z) + w(z). Let x be g(-8). What is the greatest common factor of x and 35?
7
Let l = -506 - -583. Suppose 0 = -78*z + l*z + 5. Let g(c) = c**2 - c + 1. Let s be g(2). Calculate the greatest common factor of z and s.
1
Let c be -25*12760/((-60)/3). Calculate the greatest common factor of 50 and c.
50
Suppose -871 = -2*h + 179. Let w = 741 - h. Calculate the highest common factor of 48 and w.
24
Let u be 27351 - (-25 + (-5 - -27)). What is the greatest common factor of 141 and u?
141
Let n = 246 + -212. Let u be (-18)/(-6) + (9 + -2)/(-1). Let l be u + (-5)/(25/(-190)). Calculate the highest common factor of n and l.
34
Let l be 93/7 - 26/91. Let n = 63 + l. Let q be (1 - 2) + (-20)/(-1). What is the greatest common divisor of q and n?
19
Let h(d) = -2*d**2 + 105*d - 31. Let a be h(49). Let z = 19 - 9. Suppose 5*f - 30 + z = 0, -5*f + 176 = 4*w. What is the greatest common divisor of a and w?
39
Let d be (235/(-2) - 1) + 87/(-58). Let t = d + 122. Let m = -11 - -29. Calculate the greatest common divisor of t and m.
2
Let h(x) = -x**2 + 5*x + 18. Let k be h(5). Suppose -80 = 7*z - 962. Calculate the highest common divisor of k and z.
18
Let k = 65 + 211. Suppose -k - 154 = -5*w. What is the greatest common factor of w and 946?
86
Let z = 399 + -114. Let t = z + -190. Suppose 25 = r - 13. What is the highest common factor of t and r?
19
Suppose 864 = 15*f - 13*f. Let v = -235 + f. Suppose 5*x - 2*h = v, -2*h = x + x - 90. Calculate the greatest common factor of x and 287.
41
Let j be ((-6)/2 + 4)*(-1)/1. Let m be 1 + j + (-1)/3*-15. Suppose -153 = -5*k - 4*o + o, 0 = -5*o + m. What is the highest common divisor of 45 and k?
15
Let v(z) = -1209*z**3 - 26*z**2 - 26*z. Let w be v(-1). What is the greatest common divisor of w and 155?
31
Let r = -7135 + 7184. Calculate the highest common divisor of 203 and r.
7
Let n(c) = c**3 + 7*c**2 - 3*c - 1. Let t be n(-7). Let u be (-4)/(-10) + 3012/t + 2. What is the greatest common divisor of 18 and u?
9
Suppose 0 = 48*q + 69*q - 6185 - 3409. What is the highest common divisor of 120 and q?
2
Let x(l) = -2*l**3 - 2*l**2 + 6*l + 3. Suppose -193 = 2*k + 127. Let p be 32/k - 28/10. Let u be x(p). What is the greatest common factor of u and 7?
7
Suppose 11*t - 1909 = -94. Suppose 113 = -4*o - r - t, 4*o + 270 = -5*r. Let n = -22 - o. Calculate the greatest common factor of n and 120.
24
Suppose 3*z = 0, 2*m + 12 = 6*m - z. Let g be -311*m/(-21) - 44/(-77). Calculate the greatest common divisor of 75 and g.
15
Let f = -355 + 211. Let h = f - -152. What is the highest common factor of h and 36?
4
Suppose -b = 2*p - 79, 5*b - 2*b - 2*p - 197 = 0. What is the greatest common factor of b and 6?
3
Let x = -122 + 119. Let o be (-5325)/(-125) + x/5. Suppose -4*a = -9 - 15. What is the highest common factor of o and a?
6
Suppose -26 - 129 = 5*r. Let b = -29 - r. Suppose 2*d + m - 57 = 0, -b*d - m + 4*m + 37 = 0. Calculate the greatest common factor of 13 and d.
13
Suppose -3*m - 6*q + 10*q + 35 = 0, 2*q + 10 = 0. Suppose -4 = 2*f, m*z = f + 1254 + 783. What is the greatest common divisor of z and 11?
11
Let i = 7 - 119. Let g = 104 - i. Let o = 61 + -37. Calculate the greatest common divisor of o and g.
24
Suppose 5*r - 4*u - 2174 = 0, -u = -5*u - 4. Calculate the greatest common factor of r and 56.
14
Suppose 4*w + 1047 - 263 = 3*x, -3*w + 270 = x. Let z(v) = -2*v**2 + 21*v + 15. Let p be z(15). Let c = x + p. Calculate the greatest common factor of c and 16.
16
Suppose -3*s - 7*v + 10*v + 105 = 0, 135 = 4*s - 3*v. Calculate the greatest common factor of 185 and s.
5
Suppose -4*b + 1278*l = 1274*l - 168, 2*b = -5*l + 133. What is the greatest common factor of 1589 and b?
7
Suppose 12*u = 4370 + 790. Calculate the greatest common factor of 258 and u.
86
Suppose -8*t + 52 = 12. Suppose -4*s = 5*j + 29, -5*s + 0*s + 20 = -t*j. Let g be 0/s + (-5 - -82) + 4. Calculate the greatest common divisor of 9 and g.
9
Suppose -72982*y = -72996*y + 2520. What is the greatest common factor of y and 1332?
36
Suppose 6*w + 6*w = 120. Suppose 31*i + w*i = 943. Calculate the highest common divisor of 621 and i.
23
Let d be 525/21 + (3 - 14). Calculate the greatest common divisor of d and 48482.
14
Let t be (84/10)/(-8 - 732/(-90)). What is the greatest common factor of t and 2331?
63
Suppose 0 = -1506*o + 1442*o + 7823 + 9265. Let g be 1426/4 + (-1)/2. What is the highest common divisor of g and o?
89
Let c(t) = 3*t**2 + 14*t**3 - 7 - 7*t**2 + 3*t - t**2 + 5*t - 12*t**3. Let o be c(2). What is the highest common factor of o and 2?
1
Let r = 6583 - 5335. What is the highest common factor of r and 78?
78
Suppose -5*k - 3*t = -213, -5*k - 2*t = -9*k + 188. What is the highest common divisor of 873 and k?
9
Let n = 1283 - 1087. Calculate the greatest common divisor of n and 12.
4
Let w be (9*4/30)/(878/2201585). Calculate the highest common factor of 885 and w.
177
Let d be (-170336)/(-144) - 30/(-27). Calculate the greatest common factor of 740 and d.
148
Let c be (792/45 + -20)/((-2)/245). Calculate the highest common divisor of c and 1218.
42
Let o be ((-2)/4)/((-3)/348). Let y be ((-203)/(-58))/((-14)/(-8)). Calculate the greatest common factor of y and o.
2
Let u(f) be the first derivative of f**4 - f**3 + 7*f - 251. Let l be u(2). What is the greatest common divisor of 216 and l?
27
Let v(g) = 168*g - 1920. Let r be v(12). What is the greatest common factor of r and 312?
24
Let u(r) be the third derivative of -r**6/120 + r**5/30 - r**4/24 + 44*r**3/3 - 56*r**2. Let s be u(0). What is the greatest common factor of s and 132?
44
Let i = 98 + -22. Suppose 7*d + 13 = i. Calculate the greatest common factor of d and 99.
9
Let z be (6/4)/((-12)/(-16)). Suppose -w - 133 = 3*l, -l = -z*w - 4*l - 266. Let y be w/(-5) + (-2)/(-5). What is the highest common divisor of y and 27?
27
Let o(z) = 161*z - 7. Suppose 0 = j - 7*j - 138. Let c(p) = p + 24. Let v be c(j). Let u be o(v). Calculate the highest common divisor of 14 and u.
14
Suppose 36907 = 4*s + v + 6415, -5*s + v + 38124 = 0. Calculate the highest common divisor of s and 8.
8
Let j = 43 + -29. Let o(y) = -y + 370. Let a be o(0). Let w = a + -349. What is the greatest common factor of j and w?
7
Let y(q) = 71*q + 5710. Let s be y(